{"id":3980,"date":"2022-07-14T10:53:23","date_gmt":"2022-07-14T13:53:23","guid":{"rendered":"http:\/\/amgeng.com.br\/?page_id=3980"},"modified":"2026-03-12T11:11:38","modified_gmt":"2026-03-12T14:11:38","slug":"quem-somos","status":"publish","type":"page","link":"https:\/\/amgeng.com.br\/index.php\/quem-somos\/","title":{"rendered":"Quem Somos"},"content":{"rendered":"\n<div class=\"wp-block-cover alignfull\" style=\"padding-top:0;padding-right:0;padding-bottom:0;padding-left:0;min-height:365px\"><span aria-hidden=\"true\" class=\"wp-block-cover__background has-background-dim-60 has-background-dim\"><\/span><img decoding=\"async\" loading=\"lazy\" width=\"1280\" height=\"960\" class=\"wp-block-cover__image-background wp-image-6226\" alt=\"\" src=\"http:\/\/amgeng.com.br\/wp-content\/uploads\/2022\/12\/fundo-quem-somos-topo2.jpg\" style=\"object-position:52% 40%\" data-object-fit=\"cover\" data-object-position=\"52% 40%\" srcset=\"https:\/\/amgeng.com.br\/wp-content\/uploads\/2022\/12\/fundo-quem-somos-topo2.jpg 1280w, https:\/\/amgeng.com.br\/wp-content\/uploads\/2022\/12\/fundo-quem-somos-topo2-300x225.jpg 300w, https:\/\/amgeng.com.br\/wp-content\/uploads\/2022\/12\/fundo-quem-somos-topo2-1024x768.jpg 1024w, https:\/\/amgeng.com.br\/wp-content\/uploads\/2022\/12\/fundo-quem-somos-topo2-768x576.jpg 768w\" sizes=\"(max-width: 1280px) 100vw, 1280px\" \/><div class=\"wp-block-cover__inner-container\">\n<div class=\"wp-block-uagb-advanced-heading uagb-block-b9ac6347\"><h2 class=\"uagb-heading-text\">Quem Somos<\/h2><div class=\"uagb-separator\"><\/div><\/div>\n<\/div><\/div>\n\n\n\n<div class=\"wp-block-uagb-container uagb-block-ec628c95 alignfull uagb-is-root-container\"><div class=\"uagb-container-inner-blocks-wrap\">\n<div class=\"wp-block-uagb-container uagb-block-4568bf6f\">\n<div class=\"wp-block-uagb-info-box uagb-block-abcb111c uagb-infobox__content-wrap  uagb-infobox-icon-above-title uagb-infobox-image-valign-top\"><div class=\"uagb-ifb-content\"><div class=\"uagb-ifb-title-wrap\"><span class=\"uagb-ifb-title-prefix\">BEM VINDO A AMG<\/span><h3 class=\"uagb-ifb-title\">Entendemos a import\u00e2ncia da&nbsp;<strong>inova\u00e7\u00e3o e profissionalismo<\/strong><\/h3><\/div><p class=\"uagb-ifb-desc\">Desde o inicio nossa vis\u00e3o e foco tem sido entregar projetos de alto valor para nossos clientes com \u00eanfase na qualidade e requisitos legais<\/p><\/div><\/div>\n\n\n\n<div class=\"wp-block-uagb-info-box uagb-block-8954e143 uagb-infobox__content-wrap  uagb-infobox-icon-above-title uagb-infobox-image-valign-top\"><div class=\"uagb-ifb-content\"><div class=\"uagb-ifb-title-wrap\"><\/div><p class=\"uagb-ifb-desc\">Com esp\u00edrito empreendedor e muita determina\u00e7\u00e3o, o sonho de um grupo de amigos de engenharia se torna realidade, dando in\u00edcio a hist\u00f3ria da AMG ENGENHARIA em 1988. Hoje podemos afirmar que a AMG compete com grandes empresas de constru\u00e7\u00e3o, seu trip\u00e9 de atua\u00e7\u00e3o CONSTRU\u00c7\u00c3O, MONTAGEM E QUALIFICA\u00c7\u00c3O opera com a flexibilidade focado no Cliente, Sa\u00fade, Seguran\u00e7a e Meio Ambiente. Valores que prezamos desde a sua funda\u00e7\u00e3o.<\/p><\/div><\/div>\n<\/div>\n\n\n\n<div class=\"wp-block-uagb-container uagb-block-58779bb8\"><\/div>\n<\/div><\/div>\n\n\n\n<div class=\"wp-block-uagb-container uagb-block-1aa55581 alignfull uagb-is-root-container\">\n<div class=\"wp-block-uagb-container uag-hide-mob uagb-block-675e09bf\">\n<div class=\"wp-block-uagb-advanced-heading uagb-block-44f1431a\"><p class=\"uagb-desc-text\">PETROBRAS &#8211; Servi\u00e7o de Constru\u00e7\u00e3o Civil e Elabora\u00e7\u00e3o de Projetos para UTGCA &#8211; SP<\/p><\/div>\n<\/div>\n\n\n\n<div class=\"wp-block-uagb-container uagb-block-7494e840\">\n<div class=\"wp-block-uagb-info-box uagb-block-31080435 uagb-infobox__content-wrap  uagb-infobox-icon-above-title uagb-infobox-image-valign-top\"><div class=\"uagb-ifb-content\"><div class=\"uagb-ifb-title-wrap\"><span class=\"uagb-ifb-title-prefix\">NOSSA QUALIDADE<\/span><h3 class=\"uagb-ifb-title\">Sistema de Gest\u00e3o Integrado<\/h3><\/div><p class=\"uagb-ifb-desc\">Desde 2012 mantemos a certifica\u00e7\u00e3o ISO 9001 e um Sistema de Gest\u00e3o Integrado que contempla as boas pr\u00e1ticas das Normas: SIAC PBQPh, ISO 14001:2015 e ISO 45001.<\/p><\/div><\/div>\n\n\n\n<div class=\"wp-block-uagb-image aligncenter uagb-block-7fd44488 wp-block-uagb-image--layout-default wp-block-uagb-image--effect-static wp-block-uagb-image--align-center\"><figure class=\"wp-block-uagb-image__figure\"><a class=\"\" href=\"https:\/\/amgeng.com.br\/wp-content\/uploads\/2024\/08\/Certificado-BSI-14-04-2027-1_page-0001.jpg\" target=\"_blank\" rel=\"noreferrer noopener\"><img decoding=\"async\" srcset=\"https:\/\/amgeng.com.br\/wp-content\/uploads\/2024\/08\/Certificado-BSI-14-04-2027-1_page-0001-725x1024.jpg \" sizes=\"(max-width: 480px) 150px\" src=\"https:\/\/amgeng.com.br\/wp-content\/uploads\/2024\/08\/Certificado-BSI-14-04-2027-1_page-0001-725x1024.jpg\" alt=\"\" class=\"uag-image-6465\" width=\"222\" height=\"297\" title=\"\" loading=\"lazy\"\/><\/a><\/figure><\/div>\n<\/div>\n<\/div>\n\n\n\n<div class=\"wp-block-uagb-container uagb-block-76b47316 alignfull uagb-is-root-container\"><div class=\"uagb-container-inner-blocks-wrap\">\n<div class=\"wp-block-uagb-container uagb-block-9b17c69c\">\n<div class=\"wp-block-uagb-advanced-heading uagb-block-c11d7067\"><h2 class=\"uagb-heading-text\">Miss\u00e3o<\/h2><p class=\"uagb-desc-text\">Ser uma empresa reconhecida na Ind\u00fastria da Constru\u00e7\u00e3o Civil, com crescimento sustent\u00e1vel, eficaz e comprometida com a melhoria cont\u00ednua dos processos.<\/p><\/div>\n<\/div>\n\n\n\n<div class=\"wp-block-uagb-container uagb-block-42496530\">\n<div class=\"wp-block-uagb-advanced-heading uagb-block-681b5551\"><h2 class=\"uagb-heading-text\">Vis\u00e3o<\/h2><p class=\"uagb-desc-text\">Fornecer produtos e servi\u00e7os de forma segura e produtiva na Ind\u00fastria da Constru\u00e7\u00e3o Civil, com solu\u00e7\u00f5es inovadoras.<\/p><\/div>\n<\/div>\n\n\n\n<div class=\"wp-block-uagb-container uagb-block-cdb5d4a7\">\n<div class=\"wp-block-uagb-advanced-heading uagb-block-345b9325\"><h2 class=\"uagb-heading-text\">Valores<\/h2><p class=\"uagb-desc-text\">Respeito \u00e0 vida, solidez, credibilidade, integridade, \u00e9tica, desenvolvimento sustent\u00e1vel, inova\u00e7\u00e3o, qualidade nos servi\u00e7os prestados, compromisso com os requisitos legais, singularidade<\/p><\/div>\n<\/div>\n<\/div><\/div>\n\n\n\n<div class=\"wp-block-uagb-buttons uagb-buttons__outer-wrap uagb-btn__default-btn uagb-btn-tablet__default-btn uagb-btn-mobile__default-btn uagb-block-f0b0d397\"><div class=\"uagb-buttons__wrap uagb-buttons-layout-wrap\">\n<div class=\"wp-block-uagb-buttons-child uagb-buttons__outer-wrap uagb-block-ac106418 wp-block-button\"><div class=\"uagb-button__wrapper\"><a class=\"uagb-buttons-repeater wp-block-button__link\" href=\"http:\/\/amgeng.com.br\/wp-content\/uploads\/2023\/12\/Codigo-de-etica-e-conduta-AMG-Rv.04-12.12.2023.pdf\" onclick=\"return true;\" rel=\"follow noopener\" target=\"_blank\"><div class=\"uagb-button__link\">C\u00f3digo de \u00c9tica e Conduta<\/div><span class=\"uagb-button__icon uagb-button__icon-position-after\"><svg xmlns=\"https:\/\/www.w3.org\/2000\/svg\" viewBox=\"0 0 448 512\"><path d=\"M438.6 278.6l-160 160C272.4 444.9 264.2 448 256 448s-16.38-3.125-22.62-9.375c-12.5-12.5-12.5-32.75 0-45.25L338.8 288H32C14.33 288 .0016 273.7 .0016 256S14.33 224 32 224h306.8l-105.4-105.4c-12.5-12.5-12.5-32.75 0-45.25s32.75-12.5 45.25 0l160 160C451.1 245.9 451.1 266.1 438.6 278.6z\"><\/path><\/svg><\/span><\/a><\/div><\/div>\n\n\n\n<div class=\"wp-block-uagb-buttons-child uagb-buttons__outer-wrap uagb-block-23fbce7b wp-block-button\"><div class=\"uagb-button__wrapper\"><a class=\"uagb-buttons-repeater wp-block-button__link\" href=\"http:\/\/amgeng.com.br\/wp-content\/uploads\/2026\/03\/Politica-de-QSSMA.pdf\" onclick=\"return true;\" rel=\"follow noopener\" target=\"_blank\"><div class=\"uagb-button__link\">Pol\u00edtica de QSSMA<\/div><span class=\"uagb-button__icon uagb-button__icon-position-after\"><svg xmlns=\"https:\/\/www.w3.org\/2000\/svg\" viewBox=\"0 0 448 512\"><path d=\"M438.6 278.6l-160 160C272.4 444.9 264.2 448 256 448s-16.38-3.125-22.62-9.375c-12.5-12.5-12.5-32.75 0-45.25L338.8 288H32C14.33 288 .0016 273.7 .0016 256S14.33 224 32 224h306.8l-105.4-105.4c-12.5-12.5-12.5-32.75 0-45.25s32.75-12.5 45.25 0l160 160C451.1 245.9 451.1 266.1 438.6 278.6z\"><\/path><\/svg><\/span><\/a><\/div><\/div>\n<\/div><\/div>\n\n\n\n<div class=\"wp-block-uagb-container uagb-block-9b6e572d alignfull uagb-is-root-container\"><div class=\"uagb-container-inner-blocks-wrap\">\n<div class=\"wp-block-uagb-advanced-heading uagb-block-915bdf25\"><h2 class=\"uagb-heading-text\">OBRAS CONCLU\u00cdDAS<\/h2><p class=\"uagb-desc-text\">Veja alguns de <strong>nossos<br>projetos<\/strong> em destaque<\/p><\/div>\n\n\n\n<div class=\"wp-block-uagb-container uagb-block-88ef8276\">\n<div class=\"wp-block-uagb-advanced-heading uagb-block-be88f503\"><p class=\"uagb-desc-text\">Vale &#8211; Reloca\u00e7\u00e3o de Bases do Acionamento do VV 01-2<\/p><\/div>\n<\/div>\n\n\n\n<div class=\"wp-block-uagb-container uagb-block-56995976\">\n<div class=\"wp-block-uagb-advanced-heading uagb-block-673b5873\"><p class=\"uagb-desc-text\">Vale &#8211; Canaletas para Prote\u00e7\u00e3o de Tirantes<\/p><\/div>\n<\/div>\n\n\n\n<div class=\"wp-block-uagb-container uagb-block-f2c9fc91\">\n<div class=\"wp-block-uagb-advanced-heading uagb-block-577263e7\"><p class=\"uagb-desc-text\">Vale &#8211; Adequa\u00e7\u00e3o do sistema de drenagem dos p\u00e1tios L e M<\/p><\/div>\n<\/div>\n\n\n\n<div class=\"wp-block-uagb-container uagb-block-8b5947fe\">\n<div class=\"wp-block-uagb-advanced-heading uagb-block-ff101227\"><p class=\"uagb-desc-text\">PETROBRAS &#8211; Terraplanagem Estacionamento TECAB<\/p><\/div>\n<\/div>\n<\/div><\/div>\n\n\n\n<div class=\"wp-block-uagb-container uagb-block-b1f8feee alignfull uagb-is-root-container\"><div class=\"uagb-container-inner-blocks-wrap\">\n<div class=\"wp-block-uagb-image uagb-block-2d21569c wp-block-uagb-image--layout-default wp-block-uagb-image--effect-static wp-block-uagb-image--align-none uag-hide-mob\"><figure class=\"wp-block-uagb-image__figure\"><img decoding=\"async\" srcset=\"http:\/\/amgeng.com.br\/wp-content\/uploads\/2022\/12\/lgpd-img5-1024x596.jpg , http:\/\/amgeng.com.br\/wp-content\/uploads\/2022\/12\/lgpd-img5-1024x596.jpg 360w\" sizes=\"(max-width: 480px) 150px\" src=\"http:\/\/amgeng.com.br\/wp-content\/uploads\/2022\/12\/lgpd-img5-1024x596.jpg\" alt=\"\" class=\"uag-image-6198\" width=\"1024\" height=\"596\" title=\"\" loading=\"lazy\"\/><\/figure><\/div>\n\n\n\n<div class=\"wp-block-uagb-container uagb-block-f9a9cfcf\">\n<div class=\"wp-block-uagb-info-box uagb-block-5244002d uagb-infobox__content-wrap  uagb-infobox-icon-above-title uagb-infobox-image-valign-top\"><div class=\"uagb-ifb-content\"><div class=\"uagb-ifb-title-wrap\"><span class=\"uagb-ifb-title-prefix\">LEI LGPD<\/span><h3 class=\"uagb-ifb-title\">Lei Geral de <strong>Prote\u00e7\u00e3o <\/strong>de Dados Pessoais<\/h3><\/div><p class=\"uagb-ifb-desc\">Tratamos os seus dados pessoais em conformidade com a lei LGPD, para conhecer ou solicitar alguma demanda com os seus dados.<\/p><div class=\"uagb-ifb-button-wrapper wp-block-button\"><a href=\"http:\/\/amgeng.com.br\/index.php\/lgpd\/\" class=\"uagb-infobox-cta-link wp-block-button__link\" target=\"_self\" rel=\"noopener noreferrer\" onclick=\"return true;\" alt=\"\"><span class=\"uagb-inline-editing\">Clique aqui<\/span><\/a><\/div><\/div><\/div>\n<\/div>\n<\/div><\/div>\n\n\n\n<div class=\"wp-block-uagb-container uagb-block-07bd606c alignfull uagb-is-root-container\">\n<div class=\"wp-block-uagb-advanced-heading uagb-block-2285e4fe\"><p class=\"uagb-desc-text\">PRINCIPAIS CLIENTES<\/p><\/div>\n<\/div>\n\n\n\n<div class=\"wp-block-uagb-container uagb-block-32f9fbb8 alignfull uagb-is-root-container\"><div class=\"uagb-container-inner-blocks-wrap\">\n<div class=\"wp-block-uagb-container uagb-block-a730b0a5\"><\/div>\n\n\n\n<div class=\"wp-block-uagb-container uagb-block-d3c39256\"><\/div>\n\n\n\n<div class=\"wp-block-uagb-container uagb-block-3bf8f1a3\"><\/div>\n\n\n\n<div class=\"wp-block-uagb-container uagb-block-496d5827\"><\/div>\n\n\n\n<div class=\"wp-block-uagb-container uagb-block-d5ebaf33\"><\/div>\n<\/div><\/div>\n","protected":false},"excerpt":{"rendered":"<p>PETROBRAS &#8211; Servi\u00e7o de Constru\u00e7\u00e3o Civil e Elabora\u00e7\u00e3o de Projetos para UTGCA &#8211; SP Miss\u00e3o Ser uma empresa reconhecida na Ind\u00fastria da Constru\u00e7\u00e3o Civil, com crescimento sustent\u00e1vel, eficaz e comprometida com a melhoria cont\u00ednua dos processos. Vis\u00e3o Fornecer produtos e servi\u00e7os de forma segura e produtiva na Ind\u00fastria da Constru\u00e7\u00e3o Civil, com solu\u00e7\u00f5es inovadoras. Valores &hellip;<\/p>\n<p class=\"read-more\"> <a class=\"\" href=\"https:\/\/amgeng.com.br\/index.php\/quem-somos\/\"> <span class=\"screen-reader-text\">Quem Somos<\/span> Leia mais &raquo;<\/a><\/p>\n","protected":false},"author":1,"featured_media":0,"parent":0,"menu_order":0,"comment_status":"closed","ping_status":"closed","template":"","meta":{"inline_featured_image":false,"_uag_custom_page_level_css":"","site-sidebar-layout":"default","site-content-layout":"","ast-site-content-layout":"default","site-content-style":"default","site-sidebar-style":"default","ast-global-header-display":"","ast-banner-title-visibility":"","ast-main-header-display":"","ast-hfb-above-header-display":"","ast-hfb-below-header-display":"","ast-hfb-mobile-header-display":"","site-post-title":"disabled","ast-breadcrumbs-content":"","ast-featured-img":"","footer-sml-layout":"","theme-transparent-header-meta":"","adv-header-id-meta":"","stick-header-meta":"","header-above-stick-meta":"","header-main-stick-meta":"","header-below-stick-meta":"","astra-migrate-meta-layouts":"set"},"uagb_featured_image_src":{"full":false,"thumbnail":false,"medium":false,"medium_large":false,"large":false,"1536x1536":false,"2048x2048":false},"uagb_author_info":{"display_name":"financeiro","author_link":"https:\/\/amgeng.com.br\/index.php\/author\/financeiro\/"},"uagb_comment_info":0,"uagb_excerpt":"PETROBRAS &#8211; Servi\u00e7o de Constru\u00e7\u00e3o Civil e Elabora\u00e7\u00e3o de Projetos para UTGCA &#8211; SP Miss\u00e3o Ser uma empresa reconhecida na Ind\u00fastria da Constru\u00e7\u00e3o Civil, com crescimento sustent\u00e1vel, eficaz e comprometida com a melhoria cont\u00ednua dos processos. Vis\u00e3o Fornecer produtos e servi\u00e7os de forma segura e produtiva na Ind\u00fastria da Constru\u00e7\u00e3o Civil, com solu\u00e7\u00f5es inovadoras. Valores&hellip;","_links":{"self":[{"href":"https:\/\/amgeng.com.br\/index.php\/wp-json\/wp\/v2\/pages\/3980"}],"collection":[{"href":"https:\/\/amgeng.com.br\/index.php\/wp-json\/wp\/v2\/pages"}],"about":[{"href":"https:\/\/amgeng.com.br\/index.php\/wp-json\/wp\/v2\/types\/page"}],"author":[{"embeddable":true,"href":"https:\/\/amgeng.com.br\/index.php\/wp-json\/wp\/v2\/users\/1"}],"replies":[{"embeddable":true,"href":"https:\/\/amgeng.com.br\/index.php\/wp-json\/wp\/v2\/comments?post=3980"}],"version-history":[{"count":407,"href":"https:\/\/amgeng.com.br\/index.php\/wp-json\/wp\/v2\/pages\/3980\/revisions"}],"predecessor-version":[{"id":6580,"href":"https:\/\/amgeng.com.br\/index.php\/wp-json\/wp\/v2\/pages\/3980\/revisions\/6580"}],"wp:attachment":[{"href":"https:\/\/amgeng.com.br\/index.php\/wp-json\/wp\/v2\/media?parent=3980"}],"curies":[{"name":"wp","href":"https:\/\/api.w.org\/{rel}","templated":true}]}}