{"id":3989,"date":"2022-07-14T10:54:21","date_gmt":"2022-07-14T13:54:21","guid":{"rendered":"http:\/\/amgeng.com.br\/?page_id=3989"},"modified":"2022-11-10T11:30:36","modified_gmt":"2022-11-10T14:30:36","slug":"trabalhe-conosco","status":"publish","type":"page","link":"https:\/\/amgeng.com.br\/index.php\/trabalhe-conosco\/","title":{"rendered":"Trabalhe Conosco"},"content":{"rendered":"\n<div class=\"wp-block-cover alignfull\" style=\"min-height:365px\"><span aria-hidden=\"true\" class=\"wp-block-cover__background has-background-dim-60 has-background-dim\"><\/span><img decoding=\"async\" loading=\"lazy\" width=\"1719\" height=\"1080\" class=\"wp-block-cover__image-background wp-image-5520\" alt=\"\" src=\"http:\/\/amgeng.com.br\/wp-content\/uploads\/2022\/10\/trabalhe-conosco-fundo.jpg\" style=\"object-position:75% 39%\" data-object-fit=\"cover\" data-object-position=\"75% 39%\" srcset=\"https:\/\/amgeng.com.br\/wp-content\/uploads\/2022\/10\/trabalhe-conosco-fundo.jpg 1719w, https:\/\/amgeng.com.br\/wp-content\/uploads\/2022\/10\/trabalhe-conosco-fundo-300x188.jpg 300w, https:\/\/amgeng.com.br\/wp-content\/uploads\/2022\/10\/trabalhe-conosco-fundo-1024x643.jpg 1024w, https:\/\/amgeng.com.br\/wp-content\/uploads\/2022\/10\/trabalhe-conosco-fundo-768x483.jpg 768w, https:\/\/amgeng.com.br\/wp-content\/uploads\/2022\/10\/trabalhe-conosco-fundo-1536x965.jpg 1536w\" sizes=\"(max-width: 1719px) 100vw, 1719px\" \/><div class=\"wp-block-cover__inner-container\">\n<div class=\"wp-block-uagb-advanced-heading uagb-block-e00a83c9\"><h2 class=\"uagb-heading-text\">Trabalhe Conosco<\/h2><div class=\"uagb-separator\"><\/div><\/div>\n<\/div><\/div>\n\n\n\n<div class=\"wp-block-uagb-container uagb-block-6910b326 alignfull uagb-is-root-container\"><div class=\"uagb-container-inner-blocks-wrap\">\n<div class=\"wp-block-uagb-info-box uagb-block-9fb20c3e uagb-infobox__content-wrap  uagb-infobox-icon-above-title uagb-infobox-image-valign-top\"><div class=\"uagb-ifb-content\"><div class=\"uagb-ifb-title-wrap\"><span class=\"uagb-ifb-title-prefix\">CARREIRAS<\/span><h3 class=\"uagb-ifb-title\">Fa\u00e7a parte da equipe AMG Engenharia<\/h3><\/div><p class=\"uagb-ifb-desc\">Atuamos na Constru\u00e7\u00e3o Civil Industrial, Montagem e Servi\u00e7os, nos segmentos de<br>Minera\u00e7\u00e3o, Petr\u00f3leo, Siderurgia, Obras Portu\u00e1rias e Saneamento<\/p><\/div><\/div>\n\n\n\n<div class=\"wp-block-uagb-container uagb-block-8565f61f\">\n<div class=\"wp-block-uagb-advanced-heading uagb-block-14915ae4\"><p class=\"uagb-desc-text\">CADASTRE SEU CURR\u00cdCULO<\/p><\/div>\n\n\n\n<div class=\"forminator-guttenberg\"><div class=\"forminator-ui forminator-custom-form forminator-custom-form-5550 forminator-design--default  forminator_ajax\" data-forminator-render=\"0\" data-form=\"forminator-module-5550\" data-uid=\"69fb38a9dc79a\"><br\/><\/div><form\n\t\t\t\tid=\"forminator-module-5550\"\n\t\t\t\tclass=\"forminator-ui forminator-custom-form forminator-custom-form-5550 forminator-design--default  forminator_ajax\"\n\t\t\t\tmethod=\"post\"\n\t\t\t\tdata-forminator-render=\"0\"\n\t\t\t\tdata-form-id=\"5550\"\n\t\t\t\t\n\t\t\t\tdata-design=\"default\"\n\t\t\t\t\n\t\t\t\t\n\t\t\t\t\n\t\t\t\tdata-grid=\"open\"\n\t\t\t\tenctype=\"multipart\/form-data\"\n\t\t\t\t\n\t\t\t\tstyle=\"display: none;\"\n\t\t\t\t\n\t\t\t\tdata-uid=\"69fb38a9dc79a\"\n\t\t\t><div class=\"forminator-response-message forminator-error\" aria-hidden=\"true\"><\/div><div class=\"forminator-row\"><div id=\"name-1\" class=\"forminator-col forminator-col-12 \"><div class=\"forminator-field\"><input type=\"text\" name=\"name-1\" value=\"\" placeholder=\"Nome Completo\" id=\"forminator-field-name-1_69fb38a9dc79a\" class=\"forminator-input forminator-name--field\" aria-required=\"true\" \/><\/div><\/div><\/div><div class=\"forminator-row\"><div id=\"name-2\" class=\"forminator-col forminator-col-12 \"><div class=\"forminator-field\"><input type=\"text\" name=\"name-2\" value=\"\" placeholder=\"Bairro\" id=\"forminator-field-name-2_69fb38a9dc79a\" class=\"forminator-input forminator-name--field\" aria-required=\"true\" \/><\/div><\/div><\/div><div class=\"forminator-row\"><div id=\"name-3\" class=\"forminator-col forminator-col-12 \"><div class=\"forminator-field\"><input type=\"text\" name=\"name-3\" value=\"\" placeholder=\"Cidade\" id=\"forminator-field-name-3_69fb38a9dc79a\" class=\"forminator-input forminator-name--field\" aria-required=\"true\" \/><\/div><\/div><\/div><div class=\"forminator-row\"><div id=\"name-4\" class=\"forminator-col forminator-col-12 \"><div class=\"forminator-field\"><input type=\"text\" name=\"name-4\" value=\"\" placeholder=\"Estado\" id=\"forminator-field-name-4_69fb38a9dc79a\" class=\"forminator-input forminator-name--field\" aria-required=\"true\" \/><\/div><\/div><\/div><div class=\"forminator-row\"><div id=\"select-1\" class=\"forminator-col forminator-col-12 \"><div class=\"forminator-field\"><select id=\"forminator-form-5550__field--select-1_69fb38a9dc79a\" class=\"forminator-select--field forminator-select2\" data-required=\"1\" name=\"select-1\" data-default-value=\"\" data-placeholder=\"\u00c1rea de Interesse\" data-search=\"true\"><option value=\"\">\u00c1rea de Interesse<\/option><option value=\"one\"  data-calculation=\"0\">Administrativo Compras e Suprimentos<\/option><option value=\"Administrativo-Departamento-Pessoal\"  data-calculation=\"0\">Administrativo Departamento Pessoal<\/option><option value=\"Administrativo-Financeiro\"  data-calculation=\"0\">Administrativo Financeiro<\/option><option value=\"Almoxarife\"  data-calculation=\"0\">Almoxarife<\/option><option value=\"Armador\"  data-calculation=\"0\">Armador<\/option><option value=\"Auxiliar-de-Eletricista\"  data-calculation=\"0\">Auxiliar de Eletricista<\/option><option value=\"Auxiliar-de-Obra\"  data-calculation=\"0\">Auxiliar de Obra<\/option><option value=\"Bombeiro\"  data-calculation=\"0\">Bombeiro<\/option><option value=\"Carpinteiro\"  data-calculation=\"0\">Carpinteiro<\/option><option value=\"Eletricista\"  data-calculation=\"0\">Eletricista<\/option><option value=\"Encarregado-de-El\u00e9trica\"  data-calculation=\"0\">Encarregado de El\u00e9trica<\/option><option value=\"Encarregado-de-Obra\"  data-calculation=\"0\">Encarregado de Obra<\/option><option value=\"Engenheiro-Civil\"  data-calculation=\"0\">Engenheiro Civil<\/option><option value=\"Engenheiro-de-Produ\u00e7\u00e3o\"  data-calculation=\"0\">Engenheiro de Produ\u00e7\u00e3o<\/option><option value=\"Engenheiro-de-Seguran\u00e7a\"  data-calculation=\"0\">Engenheiro de Seguran\u00e7a<\/option><option value=\"Engenheiro-El\u00e9trico\"  data-calculation=\"0\">Engenheiro El\u00e9trico<\/option><option value=\"Engenheiro-Mec\u00e2nico\"  data-calculation=\"0\">Engenheiro Mec\u00e2nico<\/option><option value=\"Estagi\u00e1rio-Administrativo\"  data-calculation=\"0\">Estagi\u00e1rio Administrativo<\/option><option value=\"Estagi\u00e1rio-Engenharia\"  data-calculation=\"0\">Estagi\u00e1rio Engenharia<\/option><option value=\"Jovem-Aprendiz\"  data-calculation=\"0\">Jovem Aprendiz<\/option><option value=\"M\u00e9dico-do-Trabalho\"  data-calculation=\"0\">M\u00e9dico do Trabalho<\/option><option value=\"Montador-de-Andaime\"  data-calculation=\"0\">Montador de Andaime<\/option><option value=\"Montador-de-Estrutura-Met\u00e1lica\"  data-calculation=\"0\">Montador de Estrutura Met\u00e1lica<\/option><option value=\"Montador-de-M\u00f3veis\"  data-calculation=\"0\">Montador de M\u00f3veis<\/option><option value=\"Motorista\"  data-calculation=\"0\">Motorista<\/option><option value=\"Operador-de-Betoneira\"  data-calculation=\"0\">Operador de Betoneira<\/option><option value=\"Operador-de-Retroescavadeira\"  data-calculation=\"0\">Operador de Retroescavadeira<\/option><option value=\"Pedreiro\"  data-calculation=\"0\">Pedreiro<\/option><option value=\"Pintor\"  data-calculation=\"0\">Pintor<\/option><option value=\"Polivalente\"  data-calculation=\"0\">Polivalente<\/option><option value=\"Qualidade\"  data-calculation=\"0\">Qualidade<\/option><option value=\"Soldador\"  data-calculation=\"0\">Soldador<\/option><option value=\"T\u00e9cnico-em-Seguran\u00e7a-do-Trabalho\"  data-calculation=\"0\">T\u00e9cnico em Seguran\u00e7a do Trabalho<\/option><option value=\"T\u00e9cnico-em-Inform\u00e1tica-(infraestrutura)\"  data-calculation=\"0\">T\u00e9cnico em Inform\u00e1tica - INFRAESTRUTURA<\/option><\/select><\/div><\/div><\/div><div class=\"forminator-row\"><div id=\"section-1\" class=\"forminator-col forminator-col-12 \"><div class=\"forminator-field\"><h2 class=\"forminator-title\">Requisitos Jovem Aprendiz:<\/h2><h3 class=\"forminator-subtitle\">- A partir dos 14 anos de idade e cursando a partir do 9\u00ba ano do Ensino Fundamental ou T\u00e9cnico.<\/h3><\/div><\/div><\/div><div class=\"forminator-row\"><div id=\"group-1\" class=\"forminator-col forminator-col-12 \"><label class=\"forminator-label forminator-repeater-label\">POSSUI EXPER\u00caNCIA NA FUN\u00c7\u00c3O?<\/label><div class=\"forminator-all-group-copies forminator-repeater-field\"><div class=\"forminator-grouped-fields\" data-options=\"{&quot;is_repeater&quot;:false,&quot;min_type&quot;:&quot;custom&quot;,&quot;max_type&quot;:&quot;custom&quot;,&quot;min&quot;:1,&quot;max&quot;:9223372036854775807,&quot;add_text&quot;:&quot;Add item&quot;,&quot;remove_text&quot;:&quot;Remove item&quot;,&quot;action_element_type&quot;:&quot;button&quot;}\"><div class=\"forminator-row\"><div id=\"radio-1\" class=\"forminator-col forminator-col-12 \"><div role=\"radiogroup\" class=\"forminator-field\" aria-labelledby=\"forminator-radiogroup-69fb38a9dc79a-label\"><label for=\"forminator-field-radio-1-1-69fb38a9dc79a\" class=\"forminator-radio\" title=\"At\u00e9 6 meses\"><input type=\"radio\" name=\"radio-1\" value=\"one\" id=\"forminator-field-radio-1-1-69fb38a9dc79a\" data-calculation=\"0\"  \/><span class=\"forminator-radio-bullet\" aria-hidden=\"true\"><\/span><span class=\"forminator-radio-label\">At\u00e9 6 meses<\/span><\/label><label for=\"forminator-field-radio-1-2-69fb38a9dc79a\" class=\"forminator-radio\" title=\"1 ano\"><input type=\"radio\" name=\"radio-1\" value=\"two\" id=\"forminator-field-radio-1-2-69fb38a9dc79a\" data-calculation=\"0\"  \/><span class=\"forminator-radio-bullet\" aria-hidden=\"true\"><\/span><span class=\"forminator-radio-label\">1 ano<\/span><\/label><label for=\"forminator-field-radio-1-3-69fb38a9dc79a\" class=\"forminator-radio\" title=\"2 anos\"><input type=\"radio\" name=\"radio-1\" value=\"2-anos\" id=\"forminator-field-radio-1-3-69fb38a9dc79a\" data-calculation=\"0\"  \/><span class=\"forminator-radio-bullet\" aria-hidden=\"true\"><\/span><span class=\"forminator-radio-label\">2 anos<\/span><\/label><label for=\"forminator-field-radio-1-4-69fb38a9dc79a\" class=\"forminator-radio\" title=\"Acima de 3 anos\"><input type=\"radio\" name=\"radio-1\" value=\"Acima-de-3-anos\" id=\"forminator-field-radio-1-4-69fb38a9dc79a\" data-calculation=\"0\"  \/><span class=\"forminator-radio-bullet\" aria-hidden=\"true\"><\/span><span class=\"forminator-radio-label\">Acima de 3 anos<\/span><\/label><\/div><\/div><\/div><\/div><\/div><\/div><\/div><div class=\"forminator-row\"><div id=\"group-2\" class=\"forminator-col forminator-col-12 \"><label class=\"forminator-label forminator-repeater-label\">POSSUI CURSOS COMPLEMENTARES?<\/label><div class=\"forminator-all-group-copies forminator-repeater-field\"><div class=\"forminator-grouped-fields\" data-options=\"{&quot;is_repeater&quot;:false,&quot;min_type&quot;:&quot;custom&quot;,&quot;max_type&quot;:&quot;custom&quot;,&quot;min&quot;:1,&quot;max&quot;:9223372036854775807,&quot;add_text&quot;:&quot;Add item&quot;,&quot;remove_text&quot;:&quot;Remove item&quot;,&quot;action_element_type&quot;:&quot;button&quot;}\"><div class=\"forminator-row\"><div id=\"checkbox-4\" class=\"forminator-col forminator-col-12 \"><div role=\"group\" class=\"forminator-field\" aria-labelledby=\"forminator-checkbox-group-69fb38a9dc79a-label\"><label for=\"forminator-field-checkbox-4-1-69fb38a9dc79a\" class=\"forminator-checkbox\" title=\"Curso de Almoxarife\"><input type=\"checkbox\" name=\"checkbox-4[]\" value=\"one\" id=\"forminator-field-checkbox-4-1-69fb38a9dc79a\" data-calculation=\"0\"  \/><span class=\"forminator-checkbox-box\" aria-hidden=\"true\"><\/span><span class=\"forminator-checkbox-label\">Curso de Almoxarife<\/span><\/label><\/div><\/div><\/div><div class=\"forminator-row\"><div id=\"checkbox-5\" class=\"forminator-col forminator-col-12 \"><div role=\"group\" class=\"forminator-field\" aria-labelledby=\"forminator-checkbox-group-69fb38a9dc79a-label\"><label for=\"forminator-field-checkbox-5-1-69fb38a9dc79a\" class=\"forminator-checkbox\" title=\"Treinamento de manuseio de equipamentos rotativos (Furadeira, Parafusadeira, Serra El\u00e9trica e Lixadeira)\"><input type=\"checkbox\" name=\"checkbox-5[]\" value=\"one\" id=\"forminator-field-checkbox-5-1-69fb38a9dc79a\" data-calculation=\"0\"  \/><span class=\"forminator-checkbox-box\" aria-hidden=\"true\"><\/span><span class=\"forminator-checkbox-label\">Treinamento de manuseio de equipamentos rotativos (Furadeira, Parafusadeira, Serra El\u00e9trica e Lixadeira)<\/span><\/label><\/div><\/div><\/div><div class=\"forminator-row\"><div id=\"checkbox-6\" class=\"forminator-col forminator-col-12 \"><div role=\"group\" class=\"forminator-field\" aria-labelledby=\"forminator-checkbox-group-69fb38a9dc79a-label\"><label for=\"forminator-field-checkbox-6-1-69fb38a9dc79a\" class=\"forminator-checkbox\" title=\"Treinamento de NR 10\"><input type=\"checkbox\" name=\"checkbox-6[]\" value=\"one\" id=\"forminator-field-checkbox-6-1-69fb38a9dc79a\" data-calculation=\"0\"  \/><span class=\"forminator-checkbox-box\" aria-hidden=\"true\"><\/span><span class=\"forminator-checkbox-label\">Treinamento de NR 10<\/span><\/label><\/div><\/div><\/div><div class=\"forminator-row\"><div id=\"checkbox-7\" class=\"forminator-col forminator-col-12 \"><div role=\"group\" class=\"forminator-field\" aria-labelledby=\"forminator-checkbox-group-69fb38a9dc79a-label\"><label for=\"forminator-field-checkbox-7-1-69fb38a9dc79a\" class=\"forminator-checkbox\" title=\"Curso de interpreta\u00e7\u00e3o de projetos\"><input type=\"checkbox\" name=\"checkbox-7[]\" value=\"one\" id=\"forminator-field-checkbox-7-1-69fb38a9dc79a\" data-calculation=\"0\"  \/><span class=\"forminator-checkbox-box\" aria-hidden=\"true\"><\/span><span class=\"forminator-checkbox-label\">Curso de interpreta\u00e7\u00e3o de projetos<\/span><\/label><\/div><\/div><\/div><div class=\"forminator-row\"><div id=\"checkbox-8\" class=\"forminator-col forminator-col-12 \"><div role=\"group\" class=\"forminator-field\" aria-labelledby=\"forminator-checkbox-group-69fb38a9dc79a-label\"><label for=\"forminator-field-checkbox-8-1-69fb38a9dc79a\" class=\"forminator-checkbox\" title=\"Treinamento de operador de Guindauto e Munck\"><input type=\"checkbox\" name=\"checkbox-8[]\" value=\"one\" id=\"forminator-field-checkbox-8-1-69fb38a9dc79a\" data-calculation=\"0\"  \/><span class=\"forminator-checkbox-box\" aria-hidden=\"true\"><\/span><span class=\"forminator-checkbox-label\">Treinamento de operador de Guindauto e Munck<\/span><\/label><\/div><\/div><\/div><\/div><\/div><\/div><\/div><div class=\"forminator-row\"><div id=\"upload-1\" class=\"forminator-col forminator-col-12 \"><div class=\"forminator-field\"><label for=\"forminator-field-upload-1_69fb38a9dc79a\" class=\"forminator-label\">Anexe seu curr\u00edculo no formato PDF at\u00e9 5MB <span class=\"forminator-required\">*<\/span><\/label><div class=\"forminator-file-upload \" data-element=\"upload-1_69fb38a9dc79a\"><input type=\"file\" name=\"upload-1\" id=\"forminator-field-upload-1_69fb38a9dc79a\" class=\"forminator-input-file-required do-validate\" accept=\".webp,.svg,.svgz,.xml,.json,.pdf\"><button id=\"forminator-field-upload-1_69fb38a9dc79a_button\" class=\"forminator-button forminator-button-upload\" data-id=\"forminator-field-upload-1_69fb38a9dc79a\">Selecione Arquivo<\/button><span data-empty-text=\"Nenhum arquivo selecionado ainda\">Nenhum arquivo selecionado ainda<\/span><button class=\"forminator-button-delete\" style=\"display: none;\"><i class=\"forminator-icon-close\" aria-hidden=\"true\"><\/i><span class=\"forminator-screen-reader-only\">Deletar arquivo enviado<\/span><\/button><\/div><\/div><\/div><\/div><div class=\"forminator-row\"><div id=\"checkbox-3\" class=\"forminator-col forminator-col-12 \"><div role=\"group\" class=\"forminator-field\" aria-labelledby=\"forminator-checkbox-group-69fb38a9dc79a-label\"><label for=\"forminator-field-checkbox-3-1-69fb38a9dc79a\" class=\"forminator-checkbox\" title=\"Declaro expressamente o consentimento, quanto ao tratamento dos meus dados pessoais constantes neste formul\u00e1rio e curr\u00edculo na forma da Lei N\u00ba 13.709\/2018 - LGPD.\"><input type=\"checkbox\" name=\"checkbox-3[]\" value=\"one\" id=\"forminator-field-checkbox-3-1-69fb38a9dc79a\" data-calculation=\"0\"  \/><span class=\"forminator-checkbox-box\" aria-hidden=\"true\"><\/span><span class=\"forminator-checkbox-label\">Declaro expressamente o consentimento, quanto ao tratamento dos meus dados pessoais constantes neste formul\u00e1rio e curr\u00edculo na forma da Lei N\u00ba 13.709\/2018 - LGPD.<\/span><\/label><\/div><\/div><\/div><input type=\"hidden\" name=\"referer_url\" value=\"\" \/><div class=\"forminator-row forminator-row-last\"><div class=\"forminator-col\"><div class=\"forminator-field\"><button class=\"forminator-button forminator-button-submit\">Enviar<\/button><\/div><\/div><\/div><input type=\"hidden\" id=\"forminator_nonce\" name=\"forminator_nonce\" value=\"7738ae7d17\" \/><input type=\"hidden\" name=\"_wp_http_referer\" value=\"\/index.php\/wp-json\/wp\/v2\/pages\/3989\" \/><input type=\"hidden\" name=\"form_id\" value=\"5550\"><input type=\"hidden\" name=\"page_id\" value=\"3989\"><input type=\"hidden\" name=\"form_type\" value=\"default\"><input type=\"hidden\" name=\"current_url\" value=\"https:\/\/amgeng.com.br\/index.php\/trabalhe-conosco\/\"><input type=\"hidden\" name=\"render_id\" value=\"0\"><input type=\"hidden\" name=\"action\" value=\"forminator_submit_form_custom-forms\"><\/form><\/div>\n<\/div>\n<\/div><\/div>\n","protected":false},"excerpt":{"rendered":"<p>CADASTRE SEU CURR\u00cdCULO<\/p>\n","protected":false},"author":1,"featured_media":0,"parent":0,"menu_order":0,"comment_status":"closed","ping_status":"closed","template":"","meta":{"inline_featured_image":false,"_uag_custom_page_level_css":"","site-sidebar-layout":"default","site-content-layout":"","ast-site-content-layout":"","site-content-style":"default","site-sidebar-style":"default","ast-global-header-display":"","ast-banner-title-visibility":"","ast-main-header-display":"","ast-hfb-above-header-display":"","ast-hfb-below-header-display":"","ast-hfb-mobile-header-display":"","site-post-title":"disabled","ast-breadcrumbs-content":"","ast-featured-img":"","footer-sml-layout":"","theme-transparent-header-meta":"","adv-header-id-meta":"","stick-header-meta":"","header-above-stick-meta":"","header-main-stick-meta":"","header-below-stick-meta":"","astra-migrate-meta-layouts":""},"uagb_featured_image_src":{"full":false,"thumbnail":false,"medium":false,"medium_large":false,"large":false,"1536x1536":false,"2048x2048":false},"uagb_author_info":{"display_name":"financeiro","author_link":"https:\/\/amgeng.com.br\/index.php\/author\/financeiro\/"},"uagb_comment_info":0,"uagb_excerpt":"CADASTRE SEU CURR\u00cdCULO","_links":{"self":[{"href":"https:\/\/amgeng.com.br\/index.php\/wp-json\/wp\/v2\/pages\/3989"}],"collection":[{"href":"https:\/\/amgeng.com.br\/index.php\/wp-json\/wp\/v2\/pages"}],"about":[{"href":"https:\/\/amgeng.com.br\/index.php\/wp-json\/wp\/v2\/types\/page"}],"author":[{"embeddable":true,"href":"https:\/\/amgeng.com.br\/index.php\/wp-json\/wp\/v2\/users\/1"}],"replies":[{"embeddable":true,"href":"https:\/\/amgeng.com.br\/index.php\/wp-json\/wp\/v2\/comments?post=3989"}],"version-history":[{"count":81,"href":"https:\/\/amgeng.com.br\/index.php\/wp-json\/wp\/v2\/pages\/3989\/revisions"}],"predecessor-version":[{"id":6495,"href":"https:\/\/amgeng.com.br\/index.php\/wp-json\/wp\/v2\/pages\/3989\/revisions\/6495"}],"wp:attachment":[{"href":"https:\/\/amgeng.com.br\/index.php\/wp-json\/wp\/v2\/media?parent=3989"}],"curies":[{"name":"wp","href":"https:\/\/api.w.org\/{rel}","templated":true}]}}