{"id":4315,"date":"2022-07-21T15:50:14","date_gmt":"2022-07-21T18:50:14","guid":{"rendered":"http:\/\/amgeng.com.br\/?page_id=4315"},"modified":"2025-08-14T13:30:27","modified_gmt":"2025-08-14T16:30:27","slug":"home","status":"publish","type":"page","link":"https:\/\/amgeng.com.br\/","title":{"rendered":"Home"},"content":{"rendered":"\n<div class=\"wp-block-uagb-container uagb-block-dda51ef8 alignfull uagb-is-root-container\"><div class=\"uagb-container-inner-blocks-wrap\">\n<div class=\"wp-block-uagb-advanced-heading uagb-block-e4c1eae0\"><h2 class=\"uagb-heading-text\">DESDE 1988 EDIFICANDO HIST\u00d3RIAS<\/h2><p class=\"uagb-desc-text\">CONSTRU\u00c7\u00c3O | MONTAGEM | QUALIFICA\u00c7\u00c3O<\/p><\/div>\n<\/div><\/div>\n\n\n\n<section class=\"wp-block-uagb-section uagb-section__wrap uagb-section__background-image alignfull uagb-block-2cc3d96f\"><div class=\"uagb-section__overlay\"><\/div><div class=\"uagb-section__inner-wrap\">\n<div class=\"wp-block-uagb-info-box uagb-block-5847016d uagb-infobox__content-wrap  uagb-infobox-icon-above-title uagb-infobox-image-valign-top\"><div class=\"uagb-ifb-content\"><div class=\"uagb-ifb-title-wrap\"><h1 class=\"uagb-ifb-title\">O QUE FAZEMOS<\/h1><\/div><\/div><\/div>\n\n\n\n<section class=\"wp-block-uagb-columns uagb-columns__wrap uagb-columns__background-none uagb-columns__stack-mobile uagb-columns__valign-center uagb-columns__gap-10 align uagb-block-167d4357 uagb-columns__columns-3 uagb-columns__max_width-theme\"><div class=\"uagb-columns__overlay\"><\/div><div class=\"uagb-columns__inner-wrap uagb-columns__columns-3\">\n<div class=\"wp-block-uagb-column uagb-column__wrap uagb-column__background-image uagb-block-e5f4c4b5\"><div class=\"uagb-column__overlay\"><\/div>\n<div class=\"wp-block-uagb-info-box uagb-block-fce59910 uagb-infobox__content-wrap  uagb-infobox-icon-above-title uagb-infobox-image-valign-top\"><div class=\"uagb-ifb-content\"><div class=\"uagb-ifb-image-content\"><img decoding=\"async\" src=\"http:\/\/amgeng.com.br\/wp-content\/uploads\/2022\/07\/icon-construcao.svg\" alt=\"\" width=\"80\" height=\"80\" loading=\"lazy\"\/><\/div><div class=\"uagb-ifb-title-wrap\"><h2 class=\"uagb-ifb-title\">Constru\u00e7\u00e3o Civil<\/h2><\/div><\/div><\/div>\n<\/div>\n\n\n\n<div class=\"wp-block-uagb-column uagb-column__wrap uagb-column__background-image uagb-block-40c0bf33\"><div class=\"uagb-column__overlay\"><\/div>\n<div class=\"wp-block-uagb-info-box uagb-block-125fb99c uagb-infobox__content-wrap  uagb-infobox-icon-above-title uagb-infobox-image-valign-top\"><div class=\"uagb-ifb-content\"><div class=\"uagb-ifb-image-content\"><img decoding=\"async\" src=\"http:\/\/amgeng.com.br\/wp-content\/uploads\/2022\/07\/icon-obra-industrial.svg\" alt=\"\" width=\"80\" height=\"80\" loading=\"lazy\"\/><\/div><div class=\"uagb-ifb-title-wrap\"><h2 class=\"uagb-ifb-title\">Obras Industriais<\/h2><\/div><\/div><\/div>\n<\/div>\n\n\n\n<div class=\"wp-block-uagb-column uagb-column__wrap uagb-column__background-image uagb-block-5a1de39d\"><div class=\"uagb-column__overlay\"><\/div>\n<div class=\"wp-block-uagb-info-box uagb-block-92ce2d2d uagb-infobox__content-wrap  uagb-infobox-icon-above-title uagb-infobox-image-valign-top\"><div class=\"uagb-ifb-content\"><div class=\"uagb-ifb-image-content\"><img decoding=\"async\" src=\"http:\/\/amgeng.com.br\/wp-content\/uploads\/2022\/07\/icon-terraplenagem.svg\" alt=\"\" width=\"80\" height=\"80\" loading=\"lazy\"\/><\/div><div class=\"uagb-ifb-title-wrap\"><h2 class=\"uagb-ifb-title\">Terraplenagem<\/h2><\/div><\/div><\/div>\n<\/div>\n<\/div><\/section>\n\n\n\n<div class=\"wp-block-uagb-info-box uagb-block-e703ddf8 uagb-infobox__content-wrap  uagb-infobox-icon-above-title uagb-infobox-image-valign-top uagb-infobox__outer-wrap\"><div class=\"uagb-ifb-content\"><div class=\"uagb-ifb-title-wrap\"><\/div><div class=\"uagb-ifb-button-wrapper wp-block-button\"><a href=\"http:\/\/amgeng.com.br\/index.php\/servicos\/\" class=\"uagb-infobox-cta-link wp-block-button__link\" target=\"_self\" rel=\"noopener noreferrer\" onclick=\"return true;\" alt=\"\"><span class=\"uagb-inline-editing\">Saiba mais<\/span><svg xmlns=\"https:\/\/www.w3.org\/2000\/svg\" viewBox=\"0 0 448 512\"><path d=\"M438.6 278.6l-160 160C272.4 444.9 264.2 448 256 448s-16.38-3.125-22.62-9.375c-12.5-12.5-12.5-32.75 0-45.25L338.8 288H32C14.33 288 .0016 273.7 .0016 256S14.33 224 32 224h306.8l-105.4-105.4c-12.5-12.5-12.5-32.75 0-45.25s32.75-12.5 45.25 0l160 160C451.1 245.9 451.1 266.1 438.6 278.6z\"><\/path><\/svg><\/a><\/div><\/div><\/div>\n<\/div><\/section>\n\n\n\n<section class=\"wp-block-uagb-section uagb-section__wrap uagb-section__background-image alignfull uagb-block-5d30331f\"><div class=\"uagb-section__overlay\"><\/div><div class=\"uagb-section__inner-wrap\">\n<section class=\"wp-block-uagb-columns uagb-columns__wrap uagb-columns__background-none uagb-columns__stack-mobile uagb-columns__valign-center uagb-columns__gap-0 align uagb-block-89fee21e uagb-columns__columns-2 uagb-columns__max_width-theme\"><div class=\"uagb-columns__overlay\"><\/div><div class=\"uagb-columns__inner-wrap uagb-columns__columns-2\">\n<div class=\"wp-block-uagb-column uagb-column__wrap uagb-column__background-image uagb-block-2d843400\"><div class=\"uagb-column__overlay\"><\/div><\/div>\n\n\n\n<div class=\"wp-block-uagb-column uagb-column__wrap uagb-column__background-undefined uagb-block-330fe250\"><div class=\"uagb-column__overlay\"><\/div>\n<div class=\"is-layout-flex wp-container-4 wp-block-columns\">\n<div class=\"is-layout-flow wp-block-column\" style=\"flex-basis:100%\">\n<div class=\"is-layout-flex wp-container-2 wp-block-columns\">\n<div class=\"is-layout-flow wp-block-column\" style=\"flex-basis:100%\">\n<div class=\"wp-block-uagb-info-box uagb-block-5791f9a9 uagb-infobox__content-wrap  uagb-infobox-icon-above-title uagb-infobox-image-valign-top\"><div class=\"uagb-ifb-content\"><div class=\"uagb-ifb-title-wrap\"><h4 class=\"uagb-ifb-title\">NOSSA HIST\u00d3RIA<\/h4><\/div><p class=\"uagb-ifb-desc\">Especializados em viabilizar solu\u00e7\u00f5es tecnol\u00f3gicas para<br>diversos segmentos<\/p><\/div><\/div>\n<\/div>\n<\/div>\n<\/div>\n<\/div>\n\n\n\n<div class=\"wp-block-uagb-info-box uagb-block-072503ca uagb-infobox__content-wrap  uagb-infobox-icon-above-title uagb-infobox-image-valign-top\"><div class=\"uagb-ifb-content\"><div class=\"uagb-ifb-title-wrap\"><\/div><p class=\"uagb-ifb-desc\">Fundada em 1988, atuamos na&nbsp;<strong>CONSTRU\u00c7\u00c3O INDUSTRIAL, MONTAGEM<\/strong>&nbsp;e&nbsp;<strong>SERVI\u00c7OS<\/strong>, com Gest\u00e3o focada em Clientes, Colaboradores e Compromissos Legais. Destaca-se no mercado nacional por investir em Novas Tecnologias, Infraestrutura e Qualifica\u00e7\u00e3o.<\/p><\/div><\/div>\n\n\n\n<div class=\"is-layout-flex wp-container-10 wp-block-columns\">\n<div class=\"is-layout-flow wp-block-column is-vertically-aligned-center\" style=\"flex-basis:100%\">\n<section class=\"wp-block-uagb-columns uagb-columns__wrap uagb-columns__background-none uagb-columns__stack-mobile uagb-columns__valign- uagb-columns__gap-0 align uagb-block-99747280 uagb-columns__columns-2 uagb-columns__max_width-theme\"><div class=\"uagb-columns__overlay\"><\/div><div class=\"uagb-columns__inner-wrap uagb-columns__columns-2\">\n<div class=\"wp-block-uagb-column uagb-column__wrap uagb-column__background-color uagb-block-4c61af04\"><div class=\"uagb-column__overlay\"><\/div>\n<div class=\"wp-block-uagb-icon-list uagb-block-f8312f18 uagb-icon-list__outer-wrap uagb-icon-list__layout-vertical\"><div class=\"uagb-icon-list__wrap\">\n<div class=\"wp-block-uagb-icon-list-child uagb-block-56d8d5e0\"><span class=\"uagb-icon-list__source-wrap\"><img decoding=\"async\" class=\"uagb-icon-list__source-image\" src=\"http:\/\/amgeng.com.br\/wp-content\/uploads\/2022\/07\/circulo-azul-p.svg\" width=\"52\" height=\"52\" loading=\"lazy\" alt=\"\"\/><\/span><span class=\"uagb-icon-list__label\">Minera\u00e7\u00e3o e Petr\u00f3leo<\/span><\/div>\n<\/div><\/div>\n<\/div>\n\n\n\n<div class=\"wp-block-uagb-column uagb-column__wrap uagb-column__background-color uagb-block-26998ed6\"><div class=\"uagb-column__overlay\"><\/div>\n<div class=\"wp-block-uagb-icon-list uagb-block-d2d98714 uagb-icon-list__outer-wrap uagb-icon-list__layout-vertical\"><div class=\"uagb-icon-list__wrap\">\n<div class=\"wp-block-uagb-icon-list-child uagb-block-701e68da\"><span class=\"uagb-icon-list__source-wrap\"><img decoding=\"async\" class=\"uagb-icon-list__source-image\" src=\"http:\/\/amgeng.com.br\/wp-content\/uploads\/2022\/07\/circulo-azul-p.svg\" width=\"52\" height=\"52\" loading=\"lazy\" alt=\"\"\/><\/span><span class=\"uagb-icon-list__label\">Siderurgia e Portu\u00e1ria<\/span><\/div>\n<\/div><\/div>\n<\/div>\n<\/div><\/section>\n\n\n\n<section class=\"wp-block-uagb-columns uagb-columns__wrap uagb-columns__background-none uagb-columns__stack-mobile uagb-columns__valign-top uagb-columns__gap-0 align uagb-block-071d7e6a uagb-columns__columns-2 uagb-columns__max_width-theme\"><div class=\"uagb-columns__overlay\"><\/div><div class=\"uagb-columns__inner-wrap uagb-columns__columns-2\">\n<div class=\"wp-block-uagb-column uagb-column__wrap uagb-column__background-color uagb-block-f274a419\"><div class=\"uagb-column__overlay\"><\/div>\n<div class=\"wp-block-uagb-icon-list uagb-block-b18efaa2 uagb-icon-list__outer-wrap uagb-icon-list__layout-vertical\"><div class=\"uagb-icon-list__wrap\">\n<div class=\"wp-block-uagb-icon-list-child uagb-block-27036f13\"><span class=\"uagb-icon-list__source-wrap\"><img decoding=\"async\" class=\"uagb-icon-list__source-image\" src=\"http:\/\/amgeng.com.br\/wp-content\/uploads\/2022\/07\/circulo-azul-p.svg\" width=\"52\" height=\"52\" loading=\"lazy\" alt=\"\"\/><\/span><span class=\"uagb-icon-list__label\">Constru\u00e7\u00e3o Industrial<\/span><\/div>\n<\/div><\/div>\n<\/div>\n\n\n\n<div class=\"wp-block-uagb-column uagb-column__wrap uagb-column__background-color uagb-block-df26a964\"><div class=\"uagb-column__overlay\"><\/div>\n<div class=\"wp-block-uagb-icon-list uagb-block-c5e4b155 uagb-icon-list__outer-wrap uagb-icon-list__layout-vertical\"><div class=\"uagb-icon-list__wrap\">\n<div class=\"wp-block-uagb-icon-list-child uagb-block-d37459f3\"><span class=\"uagb-icon-list__source-wrap\"><img decoding=\"async\" class=\"uagb-icon-list__source-image\" src=\"http:\/\/amgeng.com.br\/wp-content\/uploads\/2022\/07\/circulo-azul-p.svg\" width=\"52\" height=\"52\" loading=\"lazy\" alt=\"\"\/><\/span><span class=\"uagb-icon-list__label\">Saneamento<\/span><\/div>\n<\/div><\/div>\n<\/div>\n<\/div><\/section>\n\n\n\n<div class=\"is-layout-flex wp-container-8 wp-block-columns\">\n<div class=\"is-layout-flow wp-block-column\" style=\"flex-basis:100%\">\n<div class=\"is-layout-flex wp-container-6 wp-block-columns\">\n<div class=\"is-layout-flow wp-block-column\" style=\"flex-basis:100%\">\n<div class=\"wp-block-uagb-info-box uagb-block-55eb0531 uagb-infobox__content-wrap  uagb-infobox-icon-above-title uagb-infobox-image-valign-top\"><div class=\"uagb-ifb-content\"><div class=\"uagb-ifb-title-wrap\"><\/div><div class=\"uagb-ifb-button-wrapper wp-block-button\"><a href=\"http:\/\/amgeng.com.br\/index.php\/quem-somos\/\" class=\"uagb-infobox-cta-link wp-block-button__link\" target=\"_self\" rel=\"noopener noreferrer\" onclick=\"return true;\" alt=\"\"><span class=\"uagb-inline-editing\">Quem Somos<\/span><\/a><\/div><\/div><\/div>\n<\/div>\n<\/div>\n<\/div>\n<\/div>\n<\/div>\n<\/div>\n<\/div>\n<\/div><\/section>\n<\/div><\/section>\n\n\n\n<section class=\"wp-block-uagb-section uagb-section__wrap uagb-section__background-color alignfull uagb-block-b33e56ad\"><div class=\"uagb-section__overlay\"><\/div><div class=\"uagb-section__inner-wrap\">\n<div class=\"wp-block-uagb-info-box uagb-block-cc7868b7 uagb-infobox__content-wrap  uagb-infobox-icon-above-title uagb-infobox-image-valign-top\"><div class=\"uagb-ifb-content\"><div class=\"uagb-ifb-title-wrap\"><h1 class=\"uagb-ifb-title\">PR\u00caMIOS<\/h1><\/div><\/div><\/div>\n\n\n\n<section class=\"wp-block-uagb-columns uagb-columns__wrap uagb-columns__background-none uagb-columns__stack-mobile uagb-columns__valign- uagb-columns__gap-0 align uagb-block-5772fe40 uagb-columns__columns-4 uagb-columns__max_width-theme\"><div class=\"uagb-columns__overlay\"><\/div><div class=\"uagb-columns__inner-wrap uagb-columns__columns-4\">\n<div class=\"wp-block-uagb-column uagb-column__wrap uagb-column__background-color uagb-block-db4c9d10\"><div class=\"uagb-column__overlay\"><\/div>\n<p class=\"has-text-align-center\"><img decoding=\"async\" loading=\"lazy\" width=\"2000\" height=\"2000\" class=\"wp-image-5121\" style=\"width: 300px;\" src=\"http:\/\/amgeng.com.br\/wp-content\/uploads\/2022\/08\/2013-abc.jpg\" alt=\"\" srcset=\"https:\/\/amgeng.com.br\/wp-content\/uploads\/2022\/08\/2013-abc.jpg 2000w, https:\/\/amgeng.com.br\/wp-content\/uploads\/2022\/08\/2013-abc-300x300.jpg 300w, https:\/\/amgeng.com.br\/wp-content\/uploads\/2022\/08\/2013-abc-1024x1024.jpg 1024w, https:\/\/amgeng.com.br\/wp-content\/uploads\/2022\/08\/2013-abc-150x150.jpg 150w, https:\/\/amgeng.com.br\/wp-content\/uploads\/2022\/08\/2013-abc-768x768.jpg 768w, https:\/\/amgeng.com.br\/wp-content\/uploads\/2022\/08\/2013-abc-1536x1536.jpg 1536w\" sizes=\"(max-width: 2000px) 100vw, 2000px\" \/><\/p>\n\n\n\n<div class=\"wp-block-uagb-info-box uagb-block-02a89166 uagb-infobox__content-wrap  uagb-infobox-icon-above-title uagb-infobox-image-valign-top\"><div class=\"uagb-ifb-content\"><div class=\"uagb-ifb-title-wrap\"><\/div><p class=\"uagb-ifb-desc\"><strong>Pr\u00eamio TOP S de Seguran\u00e7a do Trabalho 2013<\/strong><br><br>Setor Privado Categoria Prata<br><em>oferecido pelo  SINDUSCON &#8211; ES<\/em><\/p><\/div><\/div>\n<\/div>\n\n\n\n<div class=\"wp-block-uagb-column uagb-column__wrap uagb-column__background-color uagb-block-8e463c38\"><div class=\"uagb-column__overlay\"><\/div>\n<p class=\"has-text-align-center has-small-font-size\"><img decoding=\"async\" loading=\"lazy\" width=\"2000\" height=\"2000\" class=\"wp-image-5131\" style=\"width: 300px;\" src=\"http:\/\/amgeng.com.br\/wp-content\/uploads\/2022\/09\/2018-premio.jpg\" alt=\"\" srcset=\"https:\/\/amgeng.com.br\/wp-content\/uploads\/2022\/09\/2018-premio.jpg 2000w, https:\/\/amgeng.com.br\/wp-content\/uploads\/2022\/09\/2018-premio-300x300.jpg 300w, https:\/\/amgeng.com.br\/wp-content\/uploads\/2022\/09\/2018-premio-1024x1024.jpg 1024w, https:\/\/amgeng.com.br\/wp-content\/uploads\/2022\/09\/2018-premio-150x150.jpg 150w, https:\/\/amgeng.com.br\/wp-content\/uploads\/2022\/09\/2018-premio-768x768.jpg 768w, https:\/\/amgeng.com.br\/wp-content\/uploads\/2022\/09\/2018-premio-1536x1536.jpg 1536w\" sizes=\"(max-width: 2000px) 100vw, 2000px\" \/><\/p>\n\n\n\n<div class=\"wp-block-uagb-info-box uagb-block-06d1f8b1 uagb-infobox__content-wrap  uagb-infobox-icon-above-title uagb-infobox-image-valign-top\"><div class=\"uagb-ifb-content\"><div class=\"uagb-ifb-title-wrap\"><\/div><p class=\"uagb-ifb-desc\"><strong>Pr\u00eamio Ouro de Categoria M\u00e9dia Empresa 2018<\/strong><br><br><em>oferecido pelo  SINDUSCON &#8211; ES<\/em><\/p><\/div><\/div>\n<\/div>\n\n\n\n<div class=\"wp-block-uagb-column uagb-column__wrap uagb-column__background-color uagb-block-86ec6d96\"><div class=\"uagb-column__overlay\"><\/div>\n<p class=\"has-text-align-center has-small-font-size\"><img decoding=\"async\" loading=\"lazy\" width=\"2000\" height=\"2000\" class=\"wp-image-5133\" style=\"width: 300px;\" src=\"http:\/\/amgeng.com.br\/wp-content\/uploads\/2022\/09\/2019-premio.jpg\" alt=\"\" srcset=\"https:\/\/amgeng.com.br\/wp-content\/uploads\/2022\/09\/2019-premio.jpg 2000w, https:\/\/amgeng.com.br\/wp-content\/uploads\/2022\/09\/2019-premio-300x300.jpg 300w, https:\/\/amgeng.com.br\/wp-content\/uploads\/2022\/09\/2019-premio-1024x1024.jpg 1024w, https:\/\/amgeng.com.br\/wp-content\/uploads\/2022\/09\/2019-premio-150x150.jpg 150w, https:\/\/amgeng.com.br\/wp-content\/uploads\/2022\/09\/2019-premio-768x768.jpg 768w, https:\/\/amgeng.com.br\/wp-content\/uploads\/2022\/09\/2019-premio-1536x1536.jpg 1536w\" sizes=\"(max-width: 2000px) 100vw, 2000px\" \/><\/p>\n\n\n\n<div class=\"wp-block-uagb-info-box uagb-block-cc0721a2 uagb-infobox__content-wrap  uagb-infobox-icon-above-title uagb-infobox-image-valign-top\"><div class=\"uagb-ifb-content\"><div class=\"uagb-ifb-title-wrap\"><\/div><p class=\"uagb-ifb-desc\"><strong>Pr\u00eamio de Boas Pr\u00e1ticas em Sa\u00fade e Seguran\u00e7a do Trabalho 2019<\/strong><br><br>Categoria M\u00e9dia Empresa 3\u00ba Lugar<br><em>oferecido pelo SESI &#8211; Prevenir ES<\/em><\/p><\/div><\/div>\n<\/div>\n\n\n\n<div class=\"wp-block-uagb-column uagb-column__wrap uagb-column__background-color uagb-block-6bf65298\"><div class=\"uagb-column__overlay\"><\/div>\n<figure class=\"wp-block-image size-large\"><img decoding=\"async\" loading=\"lazy\" width=\"1406\" height=\"1406\" src=\"https:\/\/amgeng.com.br\/wp-content\/uploads\/2025\/08\/1755100859699-edited.png\" alt=\"\" class=\"wp-image-6531\" srcset=\"https:\/\/amgeng.com.br\/wp-content\/uploads\/2025\/08\/1755100859699-edited.png 1406w, https:\/\/amgeng.com.br\/wp-content\/uploads\/2025\/08\/1755100859699-edited-300x300.png 300w, https:\/\/amgeng.com.br\/wp-content\/uploads\/2025\/08\/1755100859699-edited-1024x1024.png 1024w, https:\/\/amgeng.com.br\/wp-content\/uploads\/2025\/08\/1755100859699-edited-150x150.png 150w, https:\/\/amgeng.com.br\/wp-content\/uploads\/2025\/08\/1755100859699-edited-768x768.png 768w\" sizes=\"(max-width: 1406px) 100vw, 1406px\" \/><\/figure>\n\n\n\n<div class=\"is-layout-flex wp-container-12 wp-block-columns\">\n<div class=\"is-layout-flow wp-block-column\" style=\"flex-basis:100%\">\n<div class=\"wp-block-uagb-info-box uagb-block-c7ab6419 uagb-infobox__content-wrap  uagb-infobox-icon-above-title uagb-infobox-image-valign-top\"><div class=\"uagb-ifb-content\"><div class=\"uagb-ifb-title-wrap\"><h3 class=\"uagb-ifb-title\"><strong>Pr\u00eamio Fornecedor Homenageado  2025<\/strong><\/h3><\/div><p class=\"uagb-ifb-desc\">Mec Show 2025 &#8211; Feira da Inova\u00e7\u00e3o Industrial &#8211; ES<\/p><\/div><\/div>\n<\/div>\n<\/div>\n<\/div>\n<\/div><\/section>\n<\/div><\/section>\n","protected":false},"excerpt":{"rendered":"<p>DESDE 1988 EDIFICANDO HIST\u00d3RIAS CONSTRU\u00c7\u00c3O | MONTAGEM | QUALIFICA\u00c7\u00c3O<\/p>\n","protected":false},"author":1,"featured_media":0,"parent":0,"menu_order":0,"comment_status":"closed","ping_status":"closed","template":"","meta":{"inline_featured_image":false,"_uag_custom_page_level_css":"","site-sidebar-layout":"default","site-content-layout":"","ast-site-content-layout":"default","site-content-style":"default","site-sidebar-style":"default","ast-global-header-display":"","ast-banner-title-visibility":"","ast-main-header-display":"","ast-hfb-above-header-display":"","ast-hfb-below-header-display":"","ast-hfb-mobile-header-display":"","site-post-title":"disabled","ast-breadcrumbs-content":"","ast-featured-img":"","footer-sml-layout":"","theme-transparent-header-meta":"","adv-header-id-meta":"","stick-header-meta":"","header-above-stick-meta":"","header-main-stick-meta":"","header-below-stick-meta":"","astra-migrate-meta-layouts":"set"},"uagb_featured_image_src":{"full":false,"thumbnail":false,"medium":false,"medium_large":false,"large":false,"1536x1536":false,"2048x2048":false},"uagb_author_info":{"display_name":"financeiro","author_link":"https:\/\/amgeng.com.br\/index.php\/author\/financeiro\/"},"uagb_comment_info":0,"uagb_excerpt":"DESDE 1988 EDIFICANDO HIST\u00d3RIAS CONSTRU\u00c7\u00c3O | MONTAGEM | QUALIFICA\u00c7\u00c3O","_links":{"self":[{"href":"https:\/\/amgeng.com.br\/index.php\/wp-json\/wp\/v2\/pages\/4315"}],"collection":[{"href":"https:\/\/amgeng.com.br\/index.php\/wp-json\/wp\/v2\/pages"}],"about":[{"href":"https:\/\/amgeng.com.br\/index.php\/wp-json\/wp\/v2\/types\/page"}],"author":[{"embeddable":true,"href":"https:\/\/amgeng.com.br\/index.php\/wp-json\/wp\/v2\/users\/1"}],"replies":[{"embeddable":true,"href":"https:\/\/amgeng.com.br\/index.php\/wp-json\/wp\/v2\/comments?post=4315"}],"version-history":[{"count":717,"href":"https:\/\/amgeng.com.br\/index.php\/wp-json\/wp\/v2\/pages\/4315\/revisions"}],"predecessor-version":[{"id":6550,"href":"https:\/\/amgeng.com.br\/index.php\/wp-json\/wp\/v2\/pages\/4315\/revisions\/6550"}],"wp:attachment":[{"href":"https:\/\/amgeng.com.br\/index.php\/wp-json\/wp\/v2\/media?parent=4315"}],"curies":[{"name":"wp","href":"https:\/\/api.w.org\/{rel}","templated":true}]}}