{"id":6207,"date":"2022-12-06T16:38:24","date_gmt":"2022-12-06T19:38:24","guid":{"rendered":"http:\/\/amgeng.com.br\/?page_id=6207"},"modified":"2022-12-08T16:50:17","modified_gmt":"2022-12-08T19:50:17","slug":"lgpd","status":"publish","type":"page","link":"https:\/\/amgeng.com.br\/index.php\/lgpd\/","title":{"rendered":"lgpd"},"content":{"rendered":"\n<div class=\"wp-block-cover alignfull\" style=\"min-height:365px\"><span aria-hidden=\"true\" class=\"wp-block-cover__background has-ast-global-color-2-background-color has-background-dim-60 has-background-dim\"><\/span><img decoding=\"async\" loading=\"lazy\" width=\"1920\" height=\"1440\" class=\"wp-block-cover__image-background wp-image-6244\" alt=\"\" src=\"http:\/\/amgeng.com.br\/wp-content\/uploads\/2022\/12\/fundo-lgpd-topo.jpg\" style=\"object-position:50% 70%\" data-object-fit=\"cover\" data-object-position=\"50% 70%\" srcset=\"https:\/\/amgeng.com.br\/wp-content\/uploads\/2022\/12\/fundo-lgpd-topo.jpg 1920w, https:\/\/amgeng.com.br\/wp-content\/uploads\/2022\/12\/fundo-lgpd-topo-300x225.jpg 300w, https:\/\/amgeng.com.br\/wp-content\/uploads\/2022\/12\/fundo-lgpd-topo-1024x768.jpg 1024w, https:\/\/amgeng.com.br\/wp-content\/uploads\/2022\/12\/fundo-lgpd-topo-768x576.jpg 768w, https:\/\/amgeng.com.br\/wp-content\/uploads\/2022\/12\/fundo-lgpd-topo-1536x1152.jpg 1536w\" sizes=\"(max-width: 1920px) 100vw, 1920px\" \/><div class=\"wp-block-cover__inner-container\">\n<div class=\"wp-block-uagb-advanced-heading uagb-block-f517dee0\"><h2 class=\"uagb-heading-text\">Lei LGPD<\/h2><div class=\"uagb-separator\"><\/div><\/div>\n<\/div><\/div>\n\n\n\n<div class=\"wp-block-uagb-container uagb-block-2503773f alignfull uagb-is-root-container\"><div class=\"uagb-container-inner-blocks-wrap\">\n<div class=\"wp-block-uagb-container uagb-block-9be888ad\">\n<div class=\"wp-block-uagb-info-box uagb-block-30dc16f8 uagb-infobox__content-wrap  uagb-infobox-icon-above-title uagb-infobox-image-valign-top\"><div class=\"uagb-ifb-content\"><div class=\"uagb-ifb-title-wrap\"><span class=\"uagb-ifb-title-prefix\">LEI LGPD<\/span><h3 class=\"uagb-ifb-title\">Lei Geral de\u00a0<strong>Prote\u00e7\u00e3o\u00a0<\/strong>de Dados Pessoais<\/h3><\/div><p class=\"uagb-ifb-desc\">A Lei disp\u00f5e sobre o tratamento de dados pessoais, inclusive nos meios digitais, por pessoa natural ou por pessoa jur\u00eddica de direito p\u00fablico ou privado, com o objetivo de proteger os direitos fundamentais de liberdade, privacidade e o livre desenvolvimento da personalidade da pessoa natural. O Encarregado pelo tratamento de dados pessoais na AMG Engenharia \u00e9 o Sr\u00ba Anderson Alves Amorim.<br><br>Conforme o art. 5\u00ba da LGPD, dado pessoal \u00e9 toda informa\u00e7\u00e3o relacionada a pessoa natural identificada ou identific\u00e1vel.<br><br><strong>Em conformidade com a LGPD, utilize o formul\u00e1rio para requisitar seus direitos como titular de dados<\/strong>.<\/p><\/div><\/div>\n<\/div>\n\n\n\n<div class=\"wp-block-uagb-container uagb-block-27197f81\">\n<div class=\"wp-block-uagb-advanced-heading uagb-block-78103e66\"><h2 class=\"uagb-heading-text\">Formul\u00e1rio LGPD<\/h2><p class=\"uagb-desc-text\">Preencha os campos de acordo com a sua necessidade<\/p><\/div>\n\n\n\n<div class=\"forminator-guttenberg\"><div class=\"forminator-ui forminator-custom-form forminator-custom-form-6221 forminator-design--default  forminator_ajax\" data-forminator-render=\"0\" data-form=\"forminator-module-6221\" data-uid=\"69fb4759aef8f\"><br\/><\/div><form\n\t\t\t\tid=\"forminator-module-6221\"\n\t\t\t\tclass=\"forminator-ui forminator-custom-form forminator-custom-form-6221 forminator-design--default  forminator_ajax\"\n\t\t\t\tmethod=\"post\"\n\t\t\t\tdata-forminator-render=\"0\"\n\t\t\t\tdata-form-id=\"6221\"\n\t\t\t\t\n\t\t\t\tdata-design=\"default\"\n\t\t\t\t\n\t\t\t\t\n\t\t\t\t\n\t\t\t\tdata-grid=\"open\"\n\t\t\t\t\n\t\t\t\t\n\t\t\t\tstyle=\"display: none;\"\n\t\t\t\t\n\t\t\t\tdata-uid=\"69fb4759aef8f\"\n\t\t\t><div class=\"forminator-response-message forminator-error\" aria-hidden=\"true\"><\/div><div class=\"forminator-row\"><div id=\"name-1\" class=\"forminator-col forminator-col-12 \"><div class=\"forminator-field\"><input type=\"text\" name=\"name-1\" value=\"\" placeholder=\"Nome Completo\" id=\"forminator-field-name-1_69fb4759aef8f\" class=\"forminator-input forminator-name--field\" aria-required=\"true\" \/><\/div><\/div><\/div><div class=\"forminator-row\"><div id=\"email-1\" class=\"forminator-col forminator-col-12 \"><div class=\"forminator-field\"><input type=\"email\" name=\"email-1\" value=\"\" placeholder=\"E-mail\" id=\"forminator-field-email-1_69fb4759aef8f\" class=\"forminator-input forminator-email--field\" data-required=\"1\" aria-required=\"true\" \/><\/div><\/div><\/div><div class=\"forminator-row\"><div id=\"phone-1\" class=\"forminator-col forminator-col-12 \"><div class=\"forminator-field\"><input type=\"text\" name=\"phone-1\" value=\"\" placeholder=\"Telefone\" id=\"forminator-field-phone-1_69fb4759aef8f\" class=\"forminator-input forminator-field--phone\" data-required=\"1\" aria-required=\"true\" autocomplete=\"off\" \/><\/div><\/div><\/div><div class=\"forminator-row\"><div id=\"radio-1\" class=\"forminator-col forminator-col-12 \"><div role=\"radiogroup\" class=\"forminator-field\" aria-labelledby=\"forminator-radiogroup-69fb4759aef8f-label\"><span id=\"forminator-radiogroup-69fb4759aef8f-label\" class=\"forminator-label\">Tipo de Solicita\u00e7\u00e3o <span class=\"forminator-required\">*<\/span><\/span><label for=\"forminator-field-radio-1-1-69fb4759aef8f\" class=\"forminator-radio\" title=\"Acesso aos dados\"><input type=\"radio\" name=\"radio-1\" value=\"one\" id=\"forminator-field-radio-1-1-69fb4759aef8f\" data-calculation=\"0\"  \/><span class=\"forminator-radio-bullet\" aria-hidden=\"true\"><\/span><span class=\"forminator-radio-label\">Acesso aos dados<\/span><\/label><label for=\"forminator-field-radio-1-2-69fb4759aef8f\" class=\"forminator-radio\" title=\"Revoga\u00e7\u00e3o de consentimento\"><input type=\"radio\" name=\"radio-1\" value=\"two\" id=\"forminator-field-radio-1-2-69fb4759aef8f\" data-calculation=\"0\"  \/><span class=\"forminator-radio-bullet\" aria-hidden=\"true\"><\/span><span class=\"forminator-radio-label\">Revoga\u00e7\u00e3o de consentimento<\/span><\/label><label for=\"forminator-field-radio-1-3-69fb4759aef8f\" class=\"forminator-radio\" title=\"Elimina\u00e7\u00e3o de dados\"><input type=\"radio\" name=\"radio-1\" value=\"Elimina\u00e7\u00e3o-de-dados\" id=\"forminator-field-radio-1-3-69fb4759aef8f\" data-calculation=\"0\"  \/><span class=\"forminator-radio-bullet\" aria-hidden=\"true\"><\/span><span class=\"forminator-radio-label\">Elimina\u00e7\u00e3o de dados<\/span><\/label><label for=\"forminator-field-radio-1-4-69fb4759aef8f\" class=\"forminator-radio\" title=\"Retifica\u00e7\u00e3o \/ Atualiza\u00e7\u00e3o de dados\"><input type=\"radio\" name=\"radio-1\" value=\"Retifica\u00e7\u00e3o---Atualiza\u00e7\u00e3o-dos-dados\" id=\"forminator-field-radio-1-4-69fb4759aef8f\" data-calculation=\"0\"  \/><span class=\"forminator-radio-bullet\" aria-hidden=\"true\"><\/span><span class=\"forminator-radio-label\">Retifica\u00e7\u00e3o \/ Atualiza\u00e7\u00e3o de dados<\/span><\/label><label for=\"forminator-field-radio-1-5-69fb4759aef8f\" class=\"forminator-radio\" title=\"Confirma\u00e7\u00e3o de tratamento de dados\"><input type=\"radio\" name=\"radio-1\" value=\"Confirma\u00e7\u00e3o-de-tratamento-de-dados\" id=\"forminator-field-radio-1-5-69fb4759aef8f\" data-calculation=\"0\"  \/><span class=\"forminator-radio-bullet\" aria-hidden=\"true\"><\/span><span class=\"forminator-radio-label\">Confirma\u00e7\u00e3o de tratamento de dados<\/span><\/label><label for=\"forminator-field-radio-1-6-69fb4759aef8f\" class=\"forminator-radio\" title=\"Portabilidade de dados\"><input type=\"radio\" name=\"radio-1\" value=\"Portabilidade-de-dados\" id=\"forminator-field-radio-1-6-69fb4759aef8f\" data-calculation=\"0\"  \/><span class=\"forminator-radio-bullet\" aria-hidden=\"true\"><\/span><span class=\"forminator-radio-label\">Portabilidade de dados<\/span><\/label><\/div><\/div><\/div><div class=\"forminator-row\"><div id=\"textarea-1\" class=\"forminator-col forminator-col-12 \"><div class=\"forminator-field\"><textarea name=\"textarea-1\" placeholder=\"Detalhes da Solicita\u00e7\u00e3o\" id=\"forminator-field-textarea-1_69fb4759aef8f\" class=\"forminator-textarea\" rows=\"6\" style=\"min-height:180px;\" maxlength=\"999\" ><\/textarea><span class=\"forminator-description\"><span data-limit=\"999\" data-type=\"characters\">0 \/ 999<\/span><\/span><\/div><\/div><\/div><input type=\"hidden\" name=\"referer_url\" value=\"\" \/><div class=\"forminator-row forminator-row-last\"><div class=\"forminator-col\"><div class=\"forminator-field\"><button class=\"forminator-button forminator-button-submit\">Enviar<\/button><\/div><\/div><\/div><input type=\"hidden\" id=\"forminator_nonce\" name=\"forminator_nonce\" value=\"7738ae7d17\" \/><input type=\"hidden\" name=\"_wp_http_referer\" value=\"\/index.php\/wp-json\/wp\/v2\/pages\/6207\" \/><input type=\"hidden\" name=\"form_id\" value=\"6221\"><input type=\"hidden\" name=\"page_id\" value=\"6207\"><input type=\"hidden\" name=\"form_type\" value=\"default\"><input type=\"hidden\" name=\"current_url\" value=\"https:\/\/amgeng.com.br\/index.php\/lgpd\/\"><input type=\"hidden\" name=\"render_id\" value=\"0\"><input type=\"hidden\" name=\"action\" value=\"forminator_submit_form_custom-forms\"><\/form><\/div>\n<\/div>\n<\/div><\/div>\n","protected":false},"excerpt":{"rendered":"<p>Formul\u00e1rio LGPD Preencha os campos de acordo com a sua necessidade<\/p>\n","protected":false},"author":1,"featured_media":0,"parent":0,"menu_order":0,"comment_status":"closed","ping_status":"closed","template":"","meta":{"inline_featured_image":false,"_uag_custom_page_level_css":"","site-sidebar-layout":"default","site-content-layout":"","ast-site-content-layout":"","site-content-style":"default","site-sidebar-style":"default","ast-global-header-display":"","ast-banner-title-visibility":"","ast-main-header-display":"","ast-hfb-above-header-display":"","ast-hfb-below-header-display":"","ast-hfb-mobile-header-display":"","site-post-title":"disabled","ast-breadcrumbs-content":"","ast-featured-img":"","footer-sml-layout":"","theme-transparent-header-meta":"","adv-header-id-meta":"","stick-header-meta":"","header-above-stick-meta":"","header-main-stick-meta":"","header-below-stick-meta":"","astra-migrate-meta-layouts":""},"uagb_featured_image_src":{"full":false,"thumbnail":false,"medium":false,"medium_large":false,"large":false,"1536x1536":false,"2048x2048":false},"uagb_author_info":{"display_name":"financeiro","author_link":"https:\/\/amgeng.com.br\/index.php\/author\/financeiro\/"},"uagb_comment_info":0,"uagb_excerpt":"Formul\u00e1rio LGPD Preencha os campos de acordo com a sua necessidade","_links":{"self":[{"href":"https:\/\/amgeng.com.br\/index.php\/wp-json\/wp\/v2\/pages\/6207"}],"collection":[{"href":"https:\/\/amgeng.com.br\/index.php\/wp-json\/wp\/v2\/pages"}],"about":[{"href":"https:\/\/amgeng.com.br\/index.php\/wp-json\/wp\/v2\/types\/page"}],"author":[{"embeddable":true,"href":"https:\/\/amgeng.com.br\/index.php\/wp-json\/wp\/v2\/users\/1"}],"replies":[{"embeddable":true,"href":"https:\/\/amgeng.com.br\/index.php\/wp-json\/wp\/v2\/comments?post=6207"}],"version-history":[{"count":29,"href":"https:\/\/amgeng.com.br\/index.php\/wp-json\/wp\/v2\/pages\/6207\/revisions"}],"predecessor-version":[{"id":6512,"href":"https:\/\/amgeng.com.br\/index.php\/wp-json\/wp\/v2\/pages\/6207\/revisions\/6512"}],"wp:attachment":[{"href":"https:\/\/amgeng.com.br\/index.php\/wp-json\/wp\/v2\/media?parent=6207"}],"curies":[{"name":"wp","href":"https:\/\/api.w.org\/{rel}","templated":true}]}}